= z**2 - 15*z - 32. Let p be g(17). Suppose -p*n = -303 - 113. List the prime factors of n.
2, 13
Let r(d) = 2*d**2 + 27*d + 1. Let q be r(-14). Let w = -9 + q. Suppose w*p = -4*n + 3*p + 94, 0 = 4*n + p - 98. What are the prime factors of n?
5
Let o = -66 - -41. Let k = o + 49. What are the prime factors of k/(-5)*(1 - 6)?
2, 3
Let c(r) = -3*r**2 - 63*r - 36. List the prime factors of c(-18).
2, 3, 7
Let f(u) = 2*u**3 + 2*u**2 + 11*u. Let q be f(10). List the prime factors of q/(-14)*(-1)/3.
5, 11
Suppose -3*w = -5*o - 35 + 153, 2*o = -5*w + 72. Let r be o - (2 + -4 - -5). Let s = r - -28. List the prime factors of s.
3, 17
Let r(v) = -v**3 - 60*v**2 - 251*v - 8. What are the prime factors of r(-56)?
2, 47
Let p(h) = -3*h + 37. Let j be p(11). Suppose -516 = -j*r - 4*l, 2*l + 181 = 5*r - 492. List the prime factors of r.
7, 19
Let n(i) = i**3 - 3*i**2 + i + 1. Let j be n(3). Suppose j*u = -2*p - 151 + 443, -3*p = 5*u - 367. Suppose -16 = 5*h - u. List the prime factors of h.
11
Let t(a) = a**2 - 13*a - 18. Let i be t(14). Let x = i - -8. Let c = 8 - x. What are the prime factors of c?
2
Let o be ((-404)/6)/(6/27). Let b = 512 + o. Suppose -b = -9*u + 61. List the prime factors of u.
2, 3, 5
List the prime factors of 1557 - ((1 - -4) + -9).
7, 223
Suppose 4212 = 19*s - 10*s. What are the prime factors of s?
2, 3, 13
Let k = -18 - -33. Suppose 4*z - 127 + k = 0. List the prime factors of z.
2, 7
Let f(l) = -9*l - 33. Let d(m) = m**2 + 6*m - 11. Let t be d(-6). What are the prime factors of f(t)?
2, 3, 11
Let s(f) = f - 9. Let a be s(-7). Let m be 4/a - (-17)/4. Suppose -b = -0*b + 3*o - 10, 0 = m*o + 16. What are the prime factors of b?
2, 11
Let o = 23 + 0. Suppose 19*y - o*y + 224 = 0. Suppose 3*t = 139 + y. What are the prime factors of t?
5, 13
Let s(v) = -v**3 + 21*v**2 + 11*v - 35. What are the prime factors of s(20)?
3, 5, 13
Let m = 689 + -185. List the prime factors of m.
2, 3, 7
Suppose 3*s - 6*s + 6201 = 0. Suppose -6*n - 7*n = -s. List the prime factors of n.
3, 53
Let q = -35 - 20. Let v = 50 - q. What are the prime factors of v?
3, 5, 7
Suppose -5*m = 5*g - 15, -2*g + 4*g + 4*m = 16. What are the prime factors of (5 + 8/g)/(1/43)?
43
Let n(z) be the third derivative of z**5/60 - z**4/24 + 4*z**3/3 + z**2. Let g be n(7). Let y = g - 23. List the prime factors of y.
3
Let o(p) = 6*p**2 + 29*p - 7. Let b be o(-5). Let j = 9 - 19. List the prime factors of (-72)/(-40)*j/b.
3
Suppose l = -4*i + 8610, -3*i + 5*l = 69 - 6538. What are the prime factors of i?
2153
Let f = -800 - -1122. What are the prime factors of f?
2, 7, 23
Let b(m) = -2*m**3 - m**2 + 3*m - 4. Suppose 16*o = 11*o - 15. List the prime factors of b(o).
2
Let k(m) = 185*m - 573. What are the prime factors of k(16)?
7, 11, 31
Suppose 4*x = 4*b + 460, -16*x + b - 455 = -20*x. What are the prime factors of x?
2, 3, 19
Let k = 10 - 12. Let p = 6 + k. Suppose 2*s - 71 = -i, p*s + 63 = 4*i + 199. What are the prime factors of s?
5, 7
Let c(t) be the first derivative of -t**4/4 + 10*t**3/3 - 4*t**2 + 7*t + 1. Suppose 8 = f - 1. List the prime factors of c(f).
2
Let l = -17 - -13. Let c(y) = -y**3 + y**2 - y - 2. Let v be c(l). Suppose 0 = -k - 4*k + 4*o + v, -58 = -3*k - 2*o. List the prime factors of k.
2, 3
Let k(q) = -3*q**3 + 18*q**2 + 31*q - 7. What are the prime factors of k(-7)?
7, 241
Let b(j) = 21*j + 5 - 7*j**2 - 20 - 5*j**2 + j**3. What are the prime factors of b(11)?
5, 19
What are the prime factors of 3/(-7) - 6*(-898)/28?
2, 3
Let r = 7 + 9. Suppose -21 = -y + r. What are the prime factors of y?
37
Let p(n) = -4*n + 106 + n - 97 - n**3 - 10*n**2 + 19*n. List the prime factors of p(-12).
3, 5, 7
Let h = 9 + 6. Let p = h - 13. Suppose 2*v - p*t = -7*t + 76, v + 3*t - 39 = 0. What are the prime factors of v?
3, 11
Let z(w) = w - 1. Let a(k) = -4*k - 4. Let v(x) = x**2 + 4*x + 1. Let b be v(-3). Let y(f) = b*z(f) - a(f). List the prime factors of y(3).
2, 3
Let l(c) = -2*c**2. Let p be l(1). Let m be (-18)/135 - p/15. Suppose v - 10 - 34 = m. What are the prime factors of v?
2, 11
Suppose 0 = 3*a + 2*x - 902 - 299, -a = -5*x - 406. List the prime factors of a.
401
Suppose 5*a = -5*z + 225, 3*z = 2*a - a + 155. What are the prime factors of z?
2, 5
Suppose q = -3*x + 234 + 294, 2*q = x + 1070. List the prime factors of q.
2, 3, 89
Let a be 10 + -5 + (-1 - -1) + -3. Suppose -123 + 363 = 3*m - 3*t, t = a*m - 158. What are the prime factors of m?
2, 3, 13
Let w = -8 + 3. Let d be 4 + -1 - (w - 34). List the prime factors of ((-2)/(-3))/(d/1449).
23
Let o = 5567 + -3292. What are the prime factors of o?
5, 7, 13
Let b be (2/3)/(8/12). Let u be (1 - b)*5/(-15). Suppose -4*v + 44 = -u*v. What are the prime factors of v?
11
Suppose -2*a + 2*r = -a - 2, -5*r = 3*a - 39. Let u = 2 + a. Suppose 5*h - 100 = k, 4*k = 2*k + u. List the prime factors of h.
3, 7
Let v(n) = 6*n - 28. Let c(i) = 20*i**3 - i - 1. Let d be c(1). What are the prime factors of v(d)?
2, 5
Let r(a) = -a**2 + 10*a + 3. Let q be r(7). Let o = 48 - 9. Suppose 0 = 3*i - q - o. List the prime factors of i.
3, 7
Let y(g) = -7*g + 5. Let r be y(8). List the prime factors of ((-3 - -3) + r)/(-1).
3, 17
Let k be 1 + -4 + 30/2. Let i = k + -10. Suppose -33 = i*t - 5*t. What are the prime factors of t?
11
Suppose 0 = 4*v - 60 - 20. Suppose r - v = 36. Let y = r + -38. List the prime factors of y.
2, 3
Suppose 21 = 2*x - 4*r - 15, -5*x + 66 = -4*r. Suppose -7*c = -x*c + 24. Suppose 5*q = -o + 58, 38 = -4*q + c*q - 2*o. What are the prime factors of q?
11
Suppose 0 = s - 7*s + 30. Suppose -s*a + 138 = -8*a. Let f = 77 + a. What are the prime factors of f?
31
Suppose 3*f = 4*f - 2. Suppose -184 = -f*s + 56. What are the prime factors of s?
2, 3, 5
Let g(p) be the first derivative of p**2/2 + 6*p + 3. Let h be g(-6). What are the prime factors of (1 - h) + 8/8?
2
Let s = -94 - -147. Let b = s - 32. List the prime factors of (b + -1)*(-10)/(-25).
2
Let l = 118 + -115. List the prime factors of l.
3
Suppose p + 1 - 4 = -q, 20 = 5*q. Let m(o) = 7*o. Let s be m(6). What are the prime factors of 3/p + s/3?
11
What are the prime factors of 1020*((-28)/(-21))/(20/6)?
2, 3, 17
Let k = 22 - 11. Suppose -5*d - k = -36. Suppose -d*j = a - 61 + 5, 5*a - 4*j - 251 = 0. List the prime factors of a.
3, 17
Let j(b) = 2*b**3 - 140*b**2 - 100*b - 109. What are the prime factors of j(71)?
13, 17
Let u(h) = -1 + 4*h + 4 + 1 + 4 + h**2. Let p be u(-4). Suppose 2*v = -p, 2*v = 5*z - 158 - 35. What are the prime factors of z?
37
Suppose -22794 = -31*t + 12298. List the prime factors of t.
2, 283
Suppose 3*s = -5*q + 1237, -2*q + 4*s = -7*q + 1236. Suppose 4*w - q = -t, -4*w - 2*t = -8*w + 236. What are the prime factors of w?
61
What are the prime factors of -1 - 6/(-9) - 700/(-3)?
233
Suppose -3*j - 34 = -4*j. What are the prime factors of 38 + (j/51)/((-2)/(-6))?
2, 5
Let c(s) = s**2 + 3*s - 24. Let o be c(-7). Suppose -82 = -5*x - g + 168, 3*x + o*g = 133. What are the prime factors of x?
3, 17
What are the prime factors of ((6924/(-24))/(4/8))/(-1)?
577
Let z = -28 + 30. Let f(x) = -42*x. Let o be f(z). What are the prime factors of 2 + -1 - (o + 19)?
2, 3, 11
Suppose 0 = a - x - 6, -2*a = -0*a + x - 6. Let u be (-2)/a - (-49)/2. Let k = -2 + u. List the prime factors of k.
2, 11
Let g = 378 - 200. List the prime factors of g.
2, 89
Suppose -2 = -q + 4*h, 2*h + 0 = -2. List the prime factors of 4/((-138)/(-68) + q).
2, 17
Let o(y) = -y**2 - y**2 + 4 + y**3 - 15*y + 0*y**3 + 16*y**2. List the prime factors of o(-15).
2
Let j = 21 + -19. Suppose x + j*x = 315. Suppose -s + 4*u = 4*s - 167, -3*s + 4*u = -x. List the prime factors of s.
31
Let r(k) = -k**3 + 13*k**2 + 10*k - 45. List the prime factors of r(6).
3, 89
Let a be 210/(-4) + 25/50. Let x = 99 + a. What are the prime factors of x?
47
What are the prime factors of ((-24)/(-9))/(14/3633)?
2, 173
Let g be -281 + (-4 - (2 + -2)). Let o = g - -415. What are the prime factors of o?
2, 5, 13
Let y(b) = b**3 - 10*b**2 - 9*b - 22. Let t be y(13). Let k = t - 171. What are the prime factors of k?
197
Let i(v) = -5*v**3 - 11*v**2 - 28*v - 1. What are the prime factors of i(-7)?
3, 457
Suppose 0 = -2*i - 4*w + 2, 4*i - 2*w - 3*w - 30 = 0. Suppose i*b = -d + 104, 462 = 5*d - b - 3*b. What are t